) - 2*w(a). Give v(0).
8
Suppose -4*f - 8 = 0, -4*f = 4*q - 8*f. Let a(x) = 2*x**3 + 3*x**2 + x - 1. Calculate a(q).
-7
Suppose 0 = u - 0*u - 6. Let w = u + -6. Let k(g) = -g**2 - g + 6. Determine k(w).
6
Let k(g) = -6*g + 11*g + 11 - 4*g. Suppose 4*f + 7 + 1 = 0. Let v(l) = -l**2 - 2*l. Let j be v(f). Calculate k(j).
11
Let b(a) = 4*a. Let m(y) = -y**2 - y. Let i(w) = -b(w) - 3*m(w). Let c be 56/(-10) - (-4)/(-10). Let r = c + 5. Determine i(r).
4
Let u(l) = -l + 6. Let g be 0/(-3) + 1 - 16. Let n = g + 15. Give u(n).
6
Let x(y) = -2*y - 3. Let u(l) = -l - 1. Let p(b) = -5*u(b) + x(b). Suppose 0 = r + 4 - 2. Let k = r + -1. Calculate p(k).
-7
Let d(z) be the third derivative of z**6/30 + z**5/20 - 5*z**4/24 + 2*z**3/3 - z**2. Let n(f) = -f**3 + f**2 - f + 1. Let l(k) = d(k) - 3*n(k). Calculate l(1).
6
Suppose -2*t + 5*n = 28, -4*n = 2*t - 6*n + 16. Let f(m) = -m. What is f(t)?
4
Let a(c) = -c + 8. Let v be a(8). Suppose -l + v = -6. Let n(g) = -g**3 + 5*g**2 + 6*g + 6. What is n(l)?
6
Let z be 10*1*(-5)/10. Let b(p) = -p**2 - 8*p - 3. Calculate b(z).
12
Let v(a) = -3*a + 1. Let n = -8 + 10. Give v(n).
-5
Let w(a) = 1. Let v(d) = -2*d - 9. Let i(b) = v(b) + 5*w(b). Determine i(-3).
2
Let y(k) = 6*k**3. Let p be y(-1). Let w be 3/(p/(-3 + 1)). Let l(t) = t**2 - t + 1. Give l(w).
1
Let k(n) = n**2 - 12*n**2 + n + 3*n**2 + 10*n**2. Calculate k(-3).
15
Let l(c) = c**2 + 3*c - 7. Suppose j - 6 = -2*i, -2*i + j - 3 + 5 = 0. Suppose i*q - 6*q = 20. What is l(q)?
3
Let v(l) = 6*l**3 - l. Suppose -c - 3*p + 8 = -5*c, -3 = 5*c - 2*p. Let x be v(c). Let a(t) = 5 - 4*t - 3 + 5*t. What is a(x)?
7
Let g(h) = -6 + 3 - 8*h + 5*h. What is g(-2)?
3
Suppose 0 = -4*j + 2*h + 4, 0*j = -j + h. Let x = -31 + 34. Let l(b) = 4 + 0 - x - 3 - b. Calculate l(j).
-4
Let w = 2 + 0. Let q(y) = -y. Let a(t) = 7*t + 1. Let o(f) = a(f) + 5*q(f). Calculate o(w).
5
Let h(q) = q**2 - 3*q. Let f(y) = -y - 6. Let n be f(-10). What is h(n)?
4
Suppose -1 = -2*u - f, -f = -3*u - 3*f. Let q be (1/(-1) + u)*4. Let z(a) = 1 - 2*a - 6 + 3*a. Calculate z(q).
-1
Let x(l) = -2*l**2 + 5*l + 4. Let a = 50 + -46. Determine x(a).
-8
Let o = 9 + -6. Suppose -16 = -3*m - m. Suppose 0 = o*g - u - 3 - 4, 3*u = -m*g + 5. Let t(r) = -2*r**2 - r. What is t(g)?
-10
Let c be (20/8)/(-5)*0. Let j(q) = 4*q**3 + 1 + q**3 - 4*q**3. Calculate j(c).
1
Suppose 5*m - 16 = 24. Let z = m + -11. Let i(c) = -2*c - 4. Let p be i(z). Let b(t) = 3*t**2 - 4*t + 2. Calculate b(p).
6
Let x = 3 + -2. Let y(v) = -v. Let t(m) = -2*m. Let o(s) = t(s) - 3*y(s). Calculate o(x).
1
Suppose 0 = -2*n - n - 18. Let w(t) = t**2 + t + 4. Let h(y) = -3*y**2 - 4*y - 13. Let r(b) = -4*h(b) - 11*w(b). Determine r(n).
14
Let f(h) = 6*h + 4. Suppose 0*x = x - 4*b - 3, -3*x - 3*b = 21. Let y(w) = -4*w - 3. Let s(v) = x*f(v) - 7*y(v). What is s(-4)?
9
Let t(f) = 3*f**2 - 8*f - 1. Let x be 300/(-28) + 4/(-14). Let d(o) = -8*o**2 + 23*o + 3. Let k(l) = x*t(l) - 4*d(l). What is k(-2)?
3
Let k = 3 + -6. Let x = -1 - -3. Let g(b) = -3*b + b**3 + 0 - 3 + 4*b**2 - b**x. Determine g(k).
6
Let u(a) = -a - 9. Let s = -9 - -5. Calculate u(s).
-5
Let p(g) be the third derivative of g**6/720 - g**5/120 - g**4/8 - 2*g**2. Let b(n) be the second derivative of p(n). Let d = -4 + 7. What is b(d)?
2
Let d(j) be the first derivative of j**2 - j + 7. Give d(4).
7
Let u(q) = q + 4. Let x be u(-5). Let f(j) = -5*j. What is f(x)?
5
Let d(b) = -7*b - 2. Let j(q) = -22*q - 6. Let p(h) = 7*d(h) - 2*j(h). What is p(4)?
-22
Suppose 3*b - 2 + 33 = 2*a, 2*b = -5*a + 106. Let m = a + -29. Let r(u) = -u - 6. Let x be r(m). Let i(k) = -2*k**2 + 5*k - 2. What is i(x)?
-5
Let x(t) be the first derivative of t**2/2 + 3*t - 8. What is x(-7)?
-4
Let d(t) = -1 - t**3 + 2 - 1 - 4*t**2 - 2. What is d(-4)?
-2
Let v be (42/(-8))/(1/12). Let k be 2/8 + v/12. Let w(n) be the second derivative of n**5/20 + n**4/2 + n**3 - 3*n**2/2 - n. Calculate w(k).
-8
Let z(b) = 3*b - 5*b**2 - 9*b + 1 + 3*b**3 - 2*b**3. Let a = -389 - -395. Calculate z(a).
1
Let t(y) = -y**2 - 4*y - 4. Let p(d) = -d**2 - 5*d - 4. Let r(g) = 3*p(g) - 4*t(g). Suppose 3*k = -k - 4*k. Give r(k).
4
Let z(t) = -2*t**2 + 3*t**2 - 4 - 2*t + 0*t**2. Let q(a) = a**3 + 11*a**2 - 6. Let s be q(-11). Let o be 84/22 - s/33. Determine z(o).
4
Let d(t) = -t**3 - 2*t**2 + 2*t + 2. Let v(a) be the third derivative of -a**5/30 + 4*a**2. Let p be v(-1). Determine d(p).
-2
Let x(f) = -8*f**3 + f**2 - f - 1. Suppose -2*i = -k - 2*k - 9, -11 = -k - 4*i. Determine x(k).
9
Let l(m) = m**2 - 6*m + 4. Let k(c) = c**3 - 5*c**2 - 2*c - 6. Let b be k(6). Let f = b + -13. Give l(f).
-1
Let b = 7 - 3. Let v(o) = -3*o + 4*o**2 + 2*o - b + 0*o**3 - o**3. Calculate v(4).
-8
Let g(p) = 1. Let b(s) = -15*s - 3. Let y(f) = -7*f - 1. Let m(w) = -4*b(w) + 9*y(w). Let j(a) = -4*g(a) + m(a). Calculate j(1).
-4
Let i(z) = 2*z + 4. Let m = -8 + 4. What is i(m)?
-4
Let f(b) be the third derivative of b**4/24 - b**3/6 + 8*b**2. Give f(2).
1
Let o(j) = -5*j - 38. Let r be o(-6). Let n(l) = 2*l + 10. What is n(r)?
-6
Let s(c) = 2 + 2*c**3 + 2 - c**3 + 2*c**2 - c. Let o = -118 - -115. Calculate s(o).
-2
Let v be (-10)/(-4)*(1 + -3). Let u(b) = 3*b + 3. Give u(v).
-12
Let i(r) = -r**2 - r - 3. Let j(c) = -c**3 + 26*c**2 + c - 30. Let g be j(26). Give i(g).
-15
Let t be -6*(-2 + (-3)/(-2)). Let l(o) = 2 - 3*o**3 + o - 6*o**3 + 10*o**t + o**2 - 8. Determine l(0).
-6
Let i = 0 + 10. Let q(g) = 0 + i*g - 3 + 2. Let u be -2*(-4)/(4 - -4). What is q(u)?
9
Suppose l + 12 = -2*o, 0 = 2*o - 2*l - 0*l + 12. Let s(u) = -u**3 - 6*u**2 - 2. What is s(o)?
-2
Let s(q) = -5*q**2 + 4*q + 2. Let c be s(-1). Let v(y) = -y**3 - 6*y**2 + 9*y + 7. Give v(c).
-7
Let z(d) = d**2 - 1. Suppose 3*r + 20 - 5 = 0. Suppose 0*l = -2*l + 16. Let f = l + r. What is z(f)?
8
Let j(i) = -i**3 + 4*i**2 - 5. Suppose -3*f = 2*f - 50. Let b(w) = -5*w + 4. Let q be b(2). Let g = q + f. What is j(g)?
-5
Suppose 2*q + 13 = -5*i, 5*i + 0*i = 3*q + 7. Let d(a) = 30*a + a**2 + a**2 - 24*a. Give d(q).
8
Let c(m) = -4*m + 32. Let y be c(10). Let l(t) = t**2 + 9*t + 8. Give l(y).
0
Let u = -23 - -18. Suppose -4*j - 8 = y, 4*y = -5*j - 12 + 2. Let m = u - y. Let v(f) = -f**2 - 7*f - 5. What is v(m)?
5
Let p be -6*(-3)/(7 + 2). Let x(k) = -k**p - 4 + 6 + 0*k**2. Calculate x(-2).
-2
Let t(i) = -i - 11. Let u be 51/(-9) + (8/12 - 0). What is t(u)?
-6
Suppose 4*p = -5*i + 1 - 13, 2*i + 4 = -2*p. Let l(s) = 0 + 0*s**p - s**2 + 6*s - 8 + 2. What is l(6)?
-6
Let u(f) = 5*f + 15 + 0*f - 14 + 0*f. Give u(1).
6
Let d(u) = 3*u**2 + 4*u + 7. Let k(r) = 4*r**2 + 5*r + 8. Let m(f) = -5*d(f) + 4*k(f). Let x = 0 + -3. What is m(x)?
6
Let d(u) = -5*u**2 + 13*u + 6. Let c = -17 - -11. Let f(x) = x**2 - x - 1. Let v(t) = c*f(t) - d(t). Give v(-5).
10
Let q(y) = -4*y**2 + 5*y + 5 + y**2 + 4*y**2. Suppose 0 = -5*n - v - 16, -3*n - n = -3*v + 28. Calculate q(n).
1
Let y(a) be the third derivative of -a**5/30 + a**4/12 + a**3/6 - a**2. Let c = -3 + 8. Suppose -2*k = 3*k + c. What is y(k)?
-3
Let d = 6 + -1. Let x(w) = -3*w**2 - 2 - 2*w**2 + 5*w - w**2 - w**3 + 2*w**3. Give x(d).
-2
Let h(w) = -w**3 + 3*w**2 + 5*w - 2. Let q be (2 - 4)*2/(-2). Suppose -q*r + r = -2. Suppose 4*x - x - 23 = -r*b, 0 = b + 5*x - 29. What is h(b)?
2
Let h be -1 - ((-6 - -4) + -2). Let c(s) = -h*s + 3 - 3*s**3 + 4*s**2 + 4 + s**3 + 3*s**3. Determine c(-5).
-3
Suppose t - 2 = 5*l, -5*t + 5*l + 32 = 2*l. Let a(p) = -2*p + 5. What is a(t)?
-9
Let y(t) = t**2 - 4*t - 8. Let s be y(5). Let r(w) = -w - 7. What is r(s)?
-4
Let h(q) = 2*q - 1. Suppose -4*d + 5*c + 234 = 0, -3*c - 174 = -2*d - d. Let m be d/(-10) + 9/15. Let s = m - -7. What is h(s)?
3
Let g(s) be the first derivative of -2*s**3/3 - 3*s**2/2 + 2*s + 5. Determine g(-3).
-7
Let l(q) = 285*q - 285*q + 11 + q**3. Calculate l(0).
11
Let w(a) = -a**3 - 2*a**2 + a + 1. Let d = -6 + 4. Give w(d).
-1
Let m(b) = b**3 + b + 1. Let j be (-140)/(-60) + 2/(-6)*1. What is m(j)?
11
Let i be ((-9)/(-36))/((-2)/(-16)). Let a(q) be the first derivative of 0*q**2 - i - 1/3*q**3 + q. Give a(-3).
-8
Let o = 26 + -11. Suppose 2*t + 2*t + o = 5*p, -t = -5*p + 15. Let j(f) = -f**3 + 2*f - 1 + 4*f**p - f**2 + f**3. Calculate j(1).
4
Let c(y) be the second derivative of y**3/6 + 3*y**2 + 2*y. Let n be c(-4). Suppose -n*j - 6 